{"id":3429,"date":"2025-05-09T08:06:59","date_gmt":"2025-05-09T06:06:59","guid":{"rendered":"https:\/\/utvecklingsweb.se\/sandviken\/tips-och-rad\/hur-ofta-kommer-sotaren\/"},"modified":"2025-06-16T12:10:41","modified_gmt":"2025-06-16T10:10:41","slug":"hur-ofta-kommer-sotaren","status":"publish","type":"page","link":"https:\/\/utvecklingsweb.se\/sandviken\/tips-och-rad\/hur-ofta-kommer-sotaren\/","title":{"rendered":"Hur ofta kommer sotaren?"},"content":{"rendered":"\n<p>Sedan den nya lagen om skydd mot olyckor, som inf\u00f6rdes 2004, \u00e4r det tv\u00e5 olika moment som ber\u00f6r din eldstad. Dels \u00e4r det den traditionella sotningen\/reng\u00f6ringen \u2013 med syfte att f\u00e5 bort sot och brandfarliga bel\u00e4ggningar \u2013 samt den unders\u00f6kande delen med brandskyddskontroll, f\u00f6r att s\u00e4kerst\u00e4lla att eldstaden fungerar som den ska. <br>Intervallerna f\u00f6r sotning fastst\u00e4lls av din kommun, medan tidpunkterna f\u00f6r brandskyddskontroll regleras av Myndigheten f\u00f6r Samh\u00e4llsskydd och beredskap. <br>Du beh\u00f6ver inte sj\u00e4lv h\u00e5lla koll p\u00e5 n\u00e4r sotning och brandskyddskontroll ska ske \u2013 det g\u00f6r det utsedda sotningsf\u00f6retaget utifr\u00e5n uppgifterna i den s.k kontrollboken (fastighetsregistret). Du f\u00e5r en avisering i god tid inf\u00f6r bes\u00f6ket.<\/p>\n\n\n\n<h2 class=\"wp-block-heading\">Intervaller f\u00f6r sotning<\/h2>\n\n\n\n<p>Fristerna best\u00e4ms lokalt i respektive kommun och kan d\u00e4rf\u00f6r variera \u00f6ver landet. Vi rekommenderar att du bes\u00f6ker din kommuns hemsida och s\u00f6ker p\u00e5 sotning. <\/p>\n\n\n\n<h2 class=\"wp-block-heading\">Intervaller f\u00f6r brandskyddskontroll:<\/h2>\n\n\n\n<p>Kontrollfristen f\u00f6r brandskyddskontroll \u00e4r gemensam f\u00f6r hela landet och sker vart 3:e eller vart 6:e \u00e5r, beroende p\u00e5 br\u00e4nsleslag och anl\u00e4ggning. Det kan dock finnas andra parametrar som spelar in f\u00f6r hur ofta du beh\u00f6ver g\u00f6ra brandskyddskontroll. Till exempel finns f\u00f6r lokaleldst\u00e4der ett regelverk som utg\u00e5r ifr\u00e5n de individuella bed\u00f6mningar som g\u00f6rs av brandskyddskontrollanten. Mer om tumregler och myndigheternas riktlinjer kan du l\u00e4sa p\u00e5 msb.se (s\u00f6k p\u00e5 brandskyddskontroll).<\/p>\n\n\n\n<p>H\u00e4r f\u00f6ljer en \u00f6versikt kring de vanligaste intervallerna f\u00f6r objekt i sm\u00e5hus:<\/p>\n\n\n\n<div style=\"height:16px\" aria-hidden=\"true\" class=\"wp-block-spacer\"><\/div>\n\n\n\n<ul class=\"wp-block-list\">\n<li><strong>LOKALELDST\u00c4DER:<\/strong><\/li>\n<\/ul>\n\n\n\n<p>a) F\u00f6r lokaleldst\u00e4der som utg\u00f6r den prim\u00e4ra k\u00e4llan f\u00f6r uppv\u00e4rmning av det utrymme i vilket den \u00e4r uppst\u00e4lld: 3 \u00e5r<br>b) F\u00f6r lokaleldst\u00e4der som inte utg\u00f6r den prim\u00e4ra k\u00e4llan f\u00f6r uppv\u00e4rmning av det utrymme i vilket den \u00e4r uppst\u00e4lld: 6 \u00e5r<br>c) Eldstaden \u00e4r bel\u00e4gen i ett fritidshus: 6 \u00e5r<\/p>\n\n\n\n<div style=\"height:16px\" aria-hidden=\"true\" class=\"wp-block-spacer\"><\/div>\n\n\n\n<ul class=\"wp-block-list\">\n<li><strong>V\u00c4RMEPANNOR:<\/strong><\/li>\n<\/ul>\n\n\n\n<p>a) Eldning med fasta br\u00e4nslen, t ex ved, pellets eller flis: 3 \u00e5r<br>b) Eldning med olja eller gas: 6 \u00e5r<\/p>\n\n\n\n<div style=\"height:16px\" aria-hidden=\"true\" class=\"wp-block-spacer\"><\/div>\n\n\n\n<ul class=\"wp-block-list\">\n<li><strong>K\u00d6KSSPISAR<\/strong>:<\/li>\n<\/ul>\n\n\n\n<p>a) Eldning med fasta br\u00e4nslen: 3 \u00e5r<br>b) Eldning i mycket begr\u00e4nsad omfattning (ej f\u00f6r uppv\u00e4rmning eller matlagning): 6 \u00e5r<br>c) Eldstaden \u00e4r bel\u00e4gen i ett fritidshus: 6 \u00e5r<\/p>\n\n\n\n<div style=\"height:16px\" aria-hidden=\"true\" class=\"wp-block-spacer\"><\/div>\n\n\n\n<h2 class=\"wp-block-heading\">Vad kostar det?<\/h2>\n\n\n\n<p>Den taxa som myndigheterna fastst\u00e4llt f\u00f6r sotning respektive brandskyddskontroll, som g\u00e4ller f\u00f6r din kommun, hittar du&nbsp;<strong><a href=\"https:\/\/www.gastrikeraddningstjanst.se\/din-sakerhet\/i-hemmet\/sotning\/\" target=\"_blank\" rel=\"noreferrer noopener\">h\u00e4r<\/a><\/strong>.<\/p>\n","protected":false},"excerpt":{"rendered":"<p>Sedan den nya lagen om skydd mot olyckor, som inf\u00f6rdes 2004, \u00e4r det tv\u00e5 olika moment som ber\u00f6r din eldstad. Dels \u00e4r det den traditionella sotningen\/reng\u00f6ringen \u2013 med syfte att f\u00e5 bort sot och brandfarliga bel\u00e4ggningar \u2013 samt den unders\u00f6kande delen med brandskyddskontroll, f\u00f6r att s\u00e4kerst\u00e4lla att eldstaden fungerar som den ska. Intervallerna f\u00f6r sotning [&hellip;]<\/p>\n","protected":false},"author":1,"featured_media":0,"parent":3325,"menu_order":0,"comment_status":"closed","ping_status":"closed","template":"page-tips.php","meta":{"_acf_changed":false,"_et_pb_use_builder":"","_et_pb_old_content":"","_et_gb_content_width":"","footnotes":""},"class_list":["post-3429","page","type-page","status-publish","hentry"],"acf":[],"_links":{"self":[{"href":"https:\/\/utvecklingsweb.se\/sandviken\/wp-json\/wp\/v2\/pages\/3429","targetHints":{"allow":["GET"]}}],"collection":[{"href":"https:\/\/utvecklingsweb.se\/sandviken\/wp-json\/wp\/v2\/pages"}],"about":[{"href":"https:\/\/utvecklingsweb.se\/sandviken\/wp-json\/wp\/v2\/types\/page"}],"author":[{"embeddable":true,"href":"https:\/\/utvecklingsweb.se\/sandviken\/wp-json\/wp\/v2\/users\/1"}],"replies":[{"embeddable":true,"href":"https:\/\/utvecklingsweb.se\/sandviken\/wp-json\/wp\/v2\/comments?post=3429"}],"version-history":[{"count":1,"href":"https:\/\/utvecklingsweb.se\/sandviken\/wp-json\/wp\/v2\/pages\/3429\/revisions"}],"predecessor-version":[{"id":3510,"href":"https:\/\/utvecklingsweb.se\/sandviken\/wp-json\/wp\/v2\/pages\/3429\/revisions\/3510"}],"up":[{"embeddable":true,"href":"https:\/\/utvecklingsweb.se\/sandviken\/wp-json\/wp\/v2\/pages\/3325"}],"wp:attachment":[{"href":"https:\/\/utvecklingsweb.se\/sandviken\/wp-json\/wp\/v2\/media?parent=3429"}],"curies":[{"name":"wp","href":"https:\/\/api.w.org\/{rel}","templated":true}]}}