{"id":3433,"date":"2025-05-09T08:07:02","date_gmt":"2025-05-09T06:07:02","guid":{"rendered":"https:\/\/utvecklingsweb.se\/sandviken\/tips-och-rad\/installera-och-underhalla\/"},"modified":"2025-05-09T08:07:02","modified_gmt":"2025-05-09T06:07:02","slug":"installera-och-underhalla","status":"publish","type":"page","link":"https:\/\/utvecklingsweb.se\/sandviken\/tips-och-rad\/installera-och-underhalla\/","title":{"rendered":"Installera och underh\u00e5lla"},"content":{"rendered":"\n<p>Det finns ett antal lagar och regler som du m\u00e5ste ta h\u00e4nsyn till n\u00e4r du ska bygga till, bygga om, byta och sk\u00f6ta din v\u00e4rmepanna eller lokaleldstad. H\u00e4r f\u00f6ljer en kort sammanfattning av dem.<\/p>\n\n\n\n<p>Plan- och bygglagen heter den \u00f6vergripande lag som reglerar hur byggnadsverk ska uppf\u00f6ras. Bygger man nytt eller bygger om m\u00e5ste man f\u00f6lja lagen om tekniska egenskapskrav p\u00e5 byggnadsverk, och f\u00f6rordningen om tekniska egenskapskrav p\u00e5 byggnadsverk, som reglerar vilka tekniska krav som kan st\u00e4llas p\u00e5 byggnader. Under dessa lagar och f\u00f6rordningar ligger Boverkets byggregler och Boverkets konstruktionsregler, som detaljreglerar funktionskraven i byggnaden. H\u00e4r finns olika avsnitt med regler om hur installationen av en eldstad ska se ut, hur r\u00f6kkanaler ska vara byggda och hur pannrummet skall konstrueras f\u00f6r att vara godk\u00e4nt.<\/p>\n\n\n\n<p><strong>Kommunen kan specificera<\/strong><br>F\u00f6r den som k\u00e4nner sig os\u00e4ker p\u00e5 tolkningen av reglerna har Svensk byggtj\u00e4nst gett ut en serie b\u00f6cker som detaljerat f\u00f6rklarar och g\u00e5r igenom olika delar av Boverkets Byggregler. F\u00f6rutom dessa regler har den enskilda kommunen m\u00f6jlighet att i detaljplanen f\u00f6r omr\u00e5det specificera vilken p\u00e5verkan p\u00e5 omgivningen en byggnad f\u00e5r g\u00f6ra. Detta p\u00e5verkas av hur geografin och naturen i omr\u00e5det ser ut, vilka \u00f6vriga byggnader som finns d\u00e4r och s\u00e5 vidare. Det kan allts\u00e5 r\u00e5da olika best\u00e4mmelser i olika omr\u00e5den. N\u00e4r det g\u00e4ller sk\u00f6tsel och sotning av eldstad och v\u00e4rmepanna beh\u00f6ver villa\u00e4garen f\u00f6lja Lagen om skydd mot olyckor (LSO) och d\u00e4rtill f\u00f6ljande f\u00f6rordning och r\u00e5d. H\u00e4r regleras hur ofta olika typer av fastigheter m\u00e5ste sotas och hur ofta r\u00f6kg\u00e5ngar och skorstenar m\u00e5ste kontrolleras. Den som inte f\u00f6ljer dessa regler kan riskera att f\u00f6rlora f\u00f6rs\u00e4kringsers\u00e4ttning i h\u00e4ndelse av brand. Skorstensfejaren har en myndighetsfunktion n\u00e4r det g\u00e4ller \u00f6vervakning av brands\u00e4kerhet och kontroll av v\u00e4rmesystemen, och kan d\u00e4rf\u00f6r utf\u00e4rda eldningsf\u00f6rbud om brandrisken anses f\u00f6r stor.<\/p>\n\n\n\n<p><strong>Hur mycket f\u00f6roreningar f\u00e5r eldstaden sl\u00e4ppa ut?<\/strong><br>I bland annat Plan- och bygglagen regleras i vilken omfattning en byggnads v\u00e4rme- och vattensystem f\u00e5r p\u00e5verka omkringliggande natur. H\u00e4r finns exempelvis best\u00e4mmelser om hur mycket f\u00f6roreningar man f\u00e5r sl\u00e4ppa ut vid vedeldning. Det finns ocks\u00e5 f\u00f6rordningar som specificerar hur mycket en eldstad eller panna f\u00e5r sl\u00e4ppa ut av r\u00f6k och f\u00f6roreningar f\u00f6r att inte betraktas som en sanit\u00e4r ol\u00e4genhet \u2013 det vill s\u00e4ga en fara f\u00f6r m\u00e4nniskors h\u00e4lsa. Du kan l\u00e4sa mer om detta p\u00e5 www.naturvardsverket.se <\/p>\n\n\n\n<p>Inom regelverket finns ocks\u00e5 utrymme f\u00f6r varje kommun att ha egna regler om exempelvis sotning och eldning. Kontakta skorstensfejarm\u00e4staren s\u00e5 f\u00e5r du veta mer.<\/p>\n\n\n\n<p><strong>Konsumentk\u00f6plagen och konsumentskyddslagen<\/strong><br>F\u00f6rutom de ovanst\u00e5ende lagarna ber\u00f6rs ocks\u00e5 villa\u00e4garen av Konsumentk\u00f6plagen och Konsumentskyddslagen, t ex vid k\u00f6p eller installation av en eldstad. Lagarna finns till f\u00f6r att skydda konsumenten om den vara eller tj\u00e4nst man k\u00f6pt skulle vara felaktig. H\u00e4r regleras vad man har r\u00e4tt att kr\u00e4va av en f\u00f6rs\u00e4ljare eller en yrkesman. <\/p>\n\n\n\n<p>Vill du ha detaljerade uppgifter vad som g\u00e4ller f\u00f6r just din fastighet och din v\u00e4rmeanl\u00e4ggning? Tveka inte att kontakta sotaren f\u00f6r hj\u00e4lp med r\u00e5d och tips!<\/p>\n","protected":false},"excerpt":{"rendered":"<p>Det finns ett antal lagar och regler som du m\u00e5ste ta h\u00e4nsyn till n\u00e4r du ska bygga till, bygga om, byta och sk\u00f6ta din v\u00e4rmepanna eller lokaleldstad. H\u00e4r f\u00f6ljer en kort sammanfattning av dem. Plan- och bygglagen heter den \u00f6vergripande lag som reglerar hur byggnadsverk ska uppf\u00f6ras. Bygger man nytt eller bygger om m\u00e5ste man [&hellip;]<\/p>\n","protected":false},"author":1,"featured_media":0,"parent":3325,"menu_order":0,"comment_status":"closed","ping_status":"closed","template":"page-tips.php","meta":{"_acf_changed":false,"_et_pb_use_builder":"","_et_pb_old_content":"","_et_gb_content_width":"","footnotes":""},"class_list":["post-3433","page","type-page","status-publish","hentry"],"acf":[],"_links":{"self":[{"href":"https:\/\/utvecklingsweb.se\/sandviken\/wp-json\/wp\/v2\/pages\/3433","targetHints":{"allow":["GET"]}}],"collection":[{"href":"https:\/\/utvecklingsweb.se\/sandviken\/wp-json\/wp\/v2\/pages"}],"about":[{"href":"https:\/\/utvecklingsweb.se\/sandviken\/wp-json\/wp\/v2\/types\/page"}],"author":[{"embeddable":true,"href":"https:\/\/utvecklingsweb.se\/sandviken\/wp-json\/wp\/v2\/users\/1"}],"replies":[{"embeddable":true,"href":"https:\/\/utvecklingsweb.se\/sandviken\/wp-json\/wp\/v2\/comments?post=3433"}],"version-history":[{"count":0,"href":"https:\/\/utvecklingsweb.se\/sandviken\/wp-json\/wp\/v2\/pages\/3433\/revisions"}],"up":[{"embeddable":true,"href":"https:\/\/utvecklingsweb.se\/sandviken\/wp-json\/wp\/v2\/pages\/3325"}],"wp:attachment":[{"href":"https:\/\/utvecklingsweb.se\/sandviken\/wp-json\/wp\/v2\/media?parent=3433"}],"curies":[{"name":"wp","href":"https:\/\/api.w.org\/{rel}","templated":true}]}}