{"id":3437,"date":"2025-05-09T08:07:04","date_gmt":"2025-05-09T06:07:04","guid":{"rendered":"https:\/\/utvecklingsweb.se\/sandviken\/tips-och-rad\/att-elda-i-vedpanna\/"},"modified":"2025-05-09T08:07:04","modified_gmt":"2025-05-09T06:07:04","slug":"att-elda-i-vedpanna","status":"publish","type":"page","link":"https:\/\/utvecklingsweb.se\/sandviken\/tips-och-rad\/att-elda-i-vedpanna\/","title":{"rendered":"Att elda i vedpanna"},"content":{"rendered":"\n<p>Till biobr\u00e4nslena r\u00e4knas alla typer av v\u00e4xtmaterial som kan br\u00e4nnas direkt eller som kan omvandlas till flytande eller gasformigt br\u00e4nsle. Biobr\u00e4nslen \u00e4r f\u00f6rnyelsebara till skillnad fr\u00e5n de fossila (exempelvis olja) som tar slut och inte \u00e5terskapas. Till biobr\u00e4nslena r\u00e4knas tr\u00e4dbr\u00e4nsle \u2013 som t ex br\u00e4nnved, pellets, flis och briketter. H\u00e4r kan ocks\u00e5 r\u00e4knas in torvbr\u00e4nsle och biobr\u00e4nsle fr\u00e5n avfall. <\/p>\n\n\n\n<p>Ved \u00e4r visserligen ett f\u00f6rnyelsebart br\u00e4nsle, men felaktig vedeldning kan vara b\u00e5de milj\u00f6farlig och h\u00e4lsov\u00e5dlig. Vedeldare som anv\u00e4nder gamla och omoderna pannor sl\u00e4pper ut stora m\u00e4ngder f\u00f6roreningar i luften, dessutom kan brandfarlig tj\u00e4ra skapas i anl\u00e4ggningen. Det man ska t\u00e4nka p\u00e5 \u00e4r att verkningsgraden i en gammal vedpanna kan vara l\u00e5g. Veden f\u00f6rbr\u00e4nns d\u00e5ligt och tj\u00e4rbildningen \u00f6kar. I nya, effektiva pannor \u00e4r verkningsgraden h\u00f6gre \u2013 n\u00e5got som kraftigt minskar utsl\u00e4pp och tj\u00e4rbildning. Oavsett om pannan \u00e4r gammal eller \u00e4r det f\u00f6rdel att elda mot en ackumulatortank. Med en s\u00e5dan kan du elda med h\u00f6g och j\u00e4mn belastning. Ackumulatortanken fungerar som en effektutj\u00e4mnare som lagrar v\u00e4rmen och sedan sl\u00e4pper ut den vid behov. Vedeldningen blir effektivare, mer br\u00e4nslesn\u00e5l och d\u00e4rmed skonsammare mot milj\u00f6n. I dag ska alla nya vedpannor som installeras uppfylla milj\u00f6kraven och en ackumulatortank \u00e4r i princip ett m\u00e5ste f\u00f6r att uppn\u00e5 dessa.<\/p>\n\n\n\n<p><strong>L\u00e4r k\u00e4nna din vedpanna<\/strong><\/p>\n\n\n\n<p>N\u00e4r du t\u00e4nder en kall panna \u00e4r det sv\u00e5rt att helt undvika r\u00f6k och utsl\u00e4pp av milj\u00f6skadliga \u00e4mnen. Problemet kan minskas genom att f\u00e5 pannan varm s\u00e5 fort som m\u00f6jligt. En bra v\u00e4g \u00e4r att anv\u00e4nda t\u00e4ndblock samt rikligt med torr, finkluven ved. En gasolbr\u00e4nnare s\u00e4tter ocks\u00e5 snabbt fart p\u00e5 elden. Det brinner med h\u00f6g temperatur och utan r\u00f6k efter bara n\u00e5gon minut. <\/p>\n\n\n\n<p>Se till att l\u00e4ra k\u00e4nna din vedpanna! Har du tillg\u00e5ng till bruksanvisningen, s\u00e5 l\u00e4s den. <\/p>\n\n\n\n<p>N\u00e4r du eldar i pannan b\u00f6r du g\u00f6ra det rej\u00e4lt och med r\u00e4tt m\u00e4ngd f\u00f6rbr\u00e4nningsluft. F\u00f6rbr\u00e4nningsluften kan tillf\u00f6ras p\u00e5 flera st\u00e4llen som prim\u00e4r- och sekund\u00e4rluft. P\u00e5 en del pannor finns avancerade reglersystem som automatiskt st\u00e4ller in f\u00f6rbr\u00e4nningsluften s\u00e5 att br\u00e4nslet brinner optimalt och utsl\u00e4ppen minimeras. <\/p>\n\n\n\n<p><strong>Att t\u00e4nka p\u00e5 vid vedeldning:<\/strong><\/p>\n\n\n\n<ul class=\"wp-block-list\"><li>En motdragslucka mellan pannan och skorstenen kan vara en f\u00f6rdel. Luckan stabiliserar draget och s\u00e4nker r\u00f6kgastemperaturen i skorstenen. <\/li><li>Installera en ackumulatortank f\u00f6r s\u00e4ker och bekv\u00e4m eldning.<\/li><li>Anv\u00e4nd alltid torr ved och elda aldrig sopor i en vedpanna! Hugg veden redan p\u00e5 v\u00e5ren s\u00e5 att den hinner torka. Helst b\u00f6r den torka ett \u00e5r. En vedklabbe ger ungef\u00e4r 20 procent mer energi i pannan efter en sommars torkning j\u00e4mf\u00f6rt med om den eldas f\u00e4rsk. <\/li><li>Vedeldning kr\u00e4ver ordentligt med luft. Veden avger br\u00e4nnbara gaser n\u00e4r den hettas upp och f\u00f6r att gaserna ska f\u00f6rbr\u00e4nnas kr\u00e4vs tillr\u00e4ckligt med syre. Pyrelda inte.<\/li><li>V\u00e4lj en panna som uppfyller milj\u00f6kraven.<\/li><li>Kontakta skorstensfejarm\u00e4staren. Vedeldning \u00f6kar brandrisken och det \u00e4r inte s\u00e4kert att en skorsten som byggts f\u00f6r exempelvis oljeeldning fungerar f\u00f6r ved. <\/li><\/ul>\n","protected":false},"excerpt":{"rendered":"<p>Till biobr\u00e4nslena r\u00e4knas alla typer av v\u00e4xtmaterial som kan br\u00e4nnas direkt eller som kan omvandlas till flytande eller gasformigt br\u00e4nsle. Biobr\u00e4nslen \u00e4r f\u00f6rnyelsebara till skillnad fr\u00e5n de fossila (exempelvis olja) som tar slut och inte \u00e5terskapas. Till biobr\u00e4nslena r\u00e4knas tr\u00e4dbr\u00e4nsle \u2013 som t ex br\u00e4nnved, pellets, flis och briketter. H\u00e4r kan ocks\u00e5 r\u00e4knas in torvbr\u00e4nsle [&hellip;]<\/p>\n","protected":false},"author":1,"featured_media":0,"parent":3325,"menu_order":0,"comment_status":"closed","ping_status":"closed","template":"page-tips.php","meta":{"_acf_changed":false,"_et_pb_use_builder":"","_et_pb_old_content":"","_et_gb_content_width":"","footnotes":""},"class_list":["post-3437","page","type-page","status-publish","hentry"],"acf":[],"_links":{"self":[{"href":"https:\/\/utvecklingsweb.se\/sandviken\/wp-json\/wp\/v2\/pages\/3437","targetHints":{"allow":["GET"]}}],"collection":[{"href":"https:\/\/utvecklingsweb.se\/sandviken\/wp-json\/wp\/v2\/pages"}],"about":[{"href":"https:\/\/utvecklingsweb.se\/sandviken\/wp-json\/wp\/v2\/types\/page"}],"author":[{"embeddable":true,"href":"https:\/\/utvecklingsweb.se\/sandviken\/wp-json\/wp\/v2\/users\/1"}],"replies":[{"embeddable":true,"href":"https:\/\/utvecklingsweb.se\/sandviken\/wp-json\/wp\/v2\/comments?post=3437"}],"version-history":[{"count":0,"href":"https:\/\/utvecklingsweb.se\/sandviken\/wp-json\/wp\/v2\/pages\/3437\/revisions"}],"up":[{"embeddable":true,"href":"https:\/\/utvecklingsweb.se\/sandviken\/wp-json\/wp\/v2\/pages\/3325"}],"wp:attachment":[{"href":"https:\/\/utvecklingsweb.se\/sandviken\/wp-json\/wp\/v2\/media?parent=3437"}],"curies":[{"name":"wp","href":"https:\/\/api.w.org\/{rel}","templated":true}]}}